*z**3 - 6*z - 39*z**3 + 2*z + 5. Let l be q(2). What is the greatest common factor of 35 and l?
5
Let v = 5 - -7. Let b be (-9)/((2/(-24))/1). What is the highest common factor of b and v?
12
Suppose 9*c - 25 = 4*c. Suppose 4*a + 2*b + 0*b = 190, 5*a - 245 = -4*b. Calculate the highest common factor of c and a.
5
Let i be (0 - (-133 - -1)) + -2. What is the greatest common divisor of 26 and i?
26
Let o be ((-2)/4)/(28/(-2128)). Calculate the highest common factor of o and 304.
38
Suppose -2*v + 2 + 2 = 0. Suppose -v*b + 2*j = -0*b - 90, -4*b - 5*j = -153. Let i = 45 + -17. Calculate the greatest common factor of i and b.
14
Suppose 11 + 209 = 5*g. Calculate the highest common factor of g and 11.
11
Suppose 3*j + 2*j = -15. Let g be 9*6/j*-5. Let k = 3 - -7. Calculate the greatest common factor of g and k.
10
Let r(u) = 2*u. Let a be r(1). Suppose -4*g - 61 = 5*y, -y - a*g - g = 10. Let q = -7 - y. Calculate the greatest common divisor of q and 2.
2
Suppose -4*b - 34 = -f + 30, -2*f + 4*b + 124 = 0. Suppose s = 2*d + 20, 5*s + 4*d = -0*d + 44. Calculate the highest common divisor of f and s.
12
Let h = 81 - 43. Suppose -2*w + 34 = -h. What is the greatest common divisor of w and 90?
18
Let r be 6/(-21) + 1476/21. What is the greatest common factor of 10 and r?
10
Let i(z) = 5*z**3 - 13*z**2 + 2*z + 4. Let y(x) = -x**3 + x**2 + 1. Let b(o) = -i(o) - 6*y(o). Let n be b(-7). Calculate the greatest common factor of n and 20.
4
Let r be 6/21 - 61/(-7). Let m be 43/r + (-2)/(-9). Let x(b) = -2*b**3 + 2*b + 1. Let g be x(-1). Calculate the highest common factor of m and g.
1
Let d be (((-28)/(-8))/(-7))/((-1)/40). What is the greatest common factor of d and 80?
20
Suppose 0 = 4*j + r - 245, 4*j - 375 = -5*r - 110. What is the greatest common divisor of j and 24?
12
Let r be (-1)/(-3) + (-160)/(-15). Let c be 1206/10 + (-12)/(-30). Calculate the highest common divisor of r and c.
11
Let a(n) = -19*n - 2. Let t be a(-1). Calculate the greatest common factor of t and 153.
17
Suppose 0 = -s + 37 + 8. Suppose -s = -4*j - 5. Calculate the highest common divisor of 15 and j.
5
Suppose 3*z - 4*v = -0*z + 11, -2*z + 3*v + 9 = 0. Let k be 10/z*(-27)/15. Calculate the highest common factor of 42 and k.
6
Suppose -8 = -4*p + 4*d, 2*d + 4 = -5*p - 0*d. Suppose -3*w + 30 + 57 = p. What is the highest common divisor of w and 87?
29
Suppose 0 = -3*j - j + 8, -4 = -3*m + j. What is the greatest common factor of m and 22?
2
Let o be 25 - -1 - (-3 + 5). Let r(k) = -3*k + 84. Let y be r(16). Calculate the highest common factor of o and y.
12
Suppose 12 = 8*h + 4. What is the greatest common divisor of 1 and h?
1
Let z(a) = a**3 - 8*a**2 + 6*a + 6. Let g be z(7). Let j be 14 + (g - (-1 + 3)). What is the greatest common divisor of 99 and j?
11
Suppose 4*d = -3*a + 216, -3*d - 3*a = -122 - 40. What is the highest common divisor of d and 6?
6
Let s(x) be the third derivative of x**5/30 - x**4/4 - x**3 + 2*x**2. Let o be s(5). Calculate the highest common divisor of o and 35.
7
Suppose -90 = -8*s + 3*s. Let b = 13 - 13. Suppose b = k - 4*k + 36. Calculate the greatest common divisor of k and s.
6
Let n be 2/(-1) - (7 + -54). Let u be (48/(-15))/((-6)/n). Let p(c) = -c**3 + 9*c**2 - 7*c - 2. Let v be p(8). What is the greatest common factor of u and v?
6
Suppose 4 = -2*d + 92. Calculate the highest common divisor of 11 and d.
11
Suppose -66 = -4*w + 14. What is the greatest common factor of w and 50?
10
Let w be -2 - -2 - (-7 - -2). Suppose k = -w*c + 5 - 2, -5*k = -15. Suppose -5*o + 275 = -c. What is the highest common divisor of 22 and o?
11
Let d(t) = 4*t + 1. Let u(b) = -15*b - 5. Let c(r) = -9*d(r) - 2*u(r). Let o = 5 - 6. Let p be c(o). Calculate the highest common factor of 7 and p.
7
Let h(w) = 18*w**2 + 2. Let d be h(1). Calculate the greatest common factor of d and 8.
4
Let i = -16 - -22. Suppose 0 = -3*y + 4*x + 53, 0 = 4*y + 4*x - 5 - 47. Calculate the highest common factor of y and i.
3
Suppose -4*j + 4*w - 7 = 1, 0 = -5*j - 2*w + 25. Suppose -3*g + r + 14 = -r, -j*r - 10 = g. Calculate the greatest common factor of 22 and g.
2
Suppose 7*u + 4*f + 12 = 5*u, 3*u = -3*f - 6. Let j be 0 + (-18)/(-1*u). Calculate the greatest common divisor of 36 and j.
9
Let n be 4/26 + 5598/117. Calculate the highest common divisor of n and 12.
12
Let n be (-5)/((-15)/6) - -70. Let r be 45 - (1 - (4 + 0)). Calculate the greatest common divisor of r and n.
24
Suppose 4*w - 23 = 4*c + 1, 5*w + 5*c - 60 = 0. Let t = -44 - -125. What is the highest common divisor of w and t?
9
Suppose -4*g + 17 = -4*y + g, 5*g - 15 = 5*y. Suppose 0 = a - 6 - y. Calculate the highest common factor of a and 8.
8
Suppose 316 = 4*z - 388. What is the greatest common divisor of 16 and z?
16
Suppose 0 = 4*u - 3*i + 24 + 180, u - 5*i + 68 = 0. Let c = u - -72. What is the greatest common factor of 60 and c?
12
Suppose 5*l = 1 + 9. Suppose 4*o + 92 = 4*r, -72 = -3*r + 2*o + l*o. Calculate the greatest common factor of 40 and r.
20
Let t(z) = -z**3 + z + 22. Let i be t(0). Suppose 5*f - 6 = 4. What is the greatest common factor of i and f?
2
Suppose -2*d + 122 = 4*m, 0 = -5*m + 8*m - 4*d - 119. Let f(h) = -h**3 + 5*h**2 - h - 1. Let q be f(4). What is the greatest common factor of q and m?
11
Let o(f) = -f**2 + 13*f - 2. Let d be o(10). Let b be d/(-8)*-1*12. Calculate the greatest common divisor of b and 14.
14
Let w = 37 - 23. What is the greatest common factor of w and 154?
14
Suppose -3*z - 6 = -18. Suppose 0 = -3*b + 12*b - 180. What is the greatest common factor of b and z?
4
Suppose -a + 5 = y, 5*y + 0*a = 4*a - 11. Let w be 7 + (y - 2)*2. Suppose -d - 6 = -w*h - 1, 4*h = 4*d + 4. What is the highest common factor of 11 and h?
1
Suppose 327 = 3*h - 9. Let a be (1 - -2) + -3 + 7. Suppose 0 = -4*j - a + 63. What is the highest common divisor of j and h?
14
Let x be -55*(3 + 0 + -4). Calculate the highest common factor of 5 and x.
5
Suppose -5*p + 8 = 3. Let f = 6 - p. What is the greatest common divisor of f and 55?
5
Suppose 3*s = -2*s - 4*v + 670, 2*s - 250 = 2*v. What is the highest common factor of s and 13?
13
Suppose 160 + 16 = m + 3*s, -m = -2*s - 191. What is the highest common divisor of m and 37?
37
Let b(g) = 2*g + 3. Let s be (9 + -3)/(6 + -4). Let c be b(s). Let y = 9 + 90. What is the greatest common divisor of y and c?
9
Let p be ((-216)/(-9))/((-4)/(-6)). Suppose 0*b + p = 2*b. Let s(f) = 127*f - 1. Let h be s(1). What is the highest common factor of h and b?
18
Let y be ((-3)/2)/((-11)/154). Calculate the highest common divisor of 105 and y.
21
Let d(l) = 4*l**2 + l - 7. Let f be d(-6). Let y = -83 + f. Let x = y - 31. Calculate the greatest common divisor of x and 187.
17
Let k be 30/(-4)*2/(-3). Suppose -k*s + 122 - 2 = 0. What is the greatest common divisor of 6 and s?
6
Suppose 4*r = r. Let t be 10/(2/9 + r). What is the highest common divisor of 30 and t?
15
Suppose 20 = 5*c - 4*d, 2*c - 2*d - 8 = 3*d. Suppose 4*w = -3*b + 80, 0*b = -3*w + c*b + 85. What is the highest common factor of 23 and w?
23
Suppose 12 = u - 10. Let h(f) = 7*f - 20. Let g(m) = 21*m - 59. Let j(s) = 4*g(s) - 11*h(s). Let z be j(7). Calculate the highest common divisor of z and u.
11
Let n = 39 - 31. What is the greatest common divisor of n and 24?
8
Let t = 77 - 28. Suppose -11 = -5*i + t. Let o = -25 - -43. Calculate the greatest common divisor of i and o.
6
Suppose -h = -5*c + 20, -c + 5*h = -6*c - 10. Suppose -2*i - 3 - 223 = -c*t, 139 = 2*t + i. Calculate the highest common factor of t and 8.
8
Suppose 4*z + 2 = s + 1, -2*s + 14 = -2*z. Let b(i) = i**3 - 5*i**2 - 12*i + 13. Let l be b(7). What is the greatest common factor of l and s?
9
Let c = 10 + -1. Suppose -3*q + 2*q = -c. Calculate the highest common factor of 81 and q.
9
Suppose 0 = -3*p + 5*u + 6 - 2, 5*p + 4*u = 56. Calculate the greatest common divisor of p and 32.
8
Let v(l) = 0*l + 0*l + l + 0*l + 13. Let y be v(-6). Calculate the highest common divisor of 7 and y.
7
Let d = -98 - -168. Calculate the highest common factor of 105 and d.
35
Let j = -6 + 4. Let l = j + -1. Let p be -1*l/(-3) + 2. Calculate the highest common factor of p and 8.
1
Let u(j) = -j**2 + 2*j + 1. Let b be u(2). Calculate the greatest common divisor of b and 9.
1
Let 